, 2*s + 7 = 3*x - 3. Suppose 8 = 2*z, -x*z = -5*l - 7*z + 1317. What is the hundreds digit of l?
2
What is the thousands digit of 4978 - 8/6*(-15)/10?
4
Let t(h) = -3*h**2 - 4*h + 1. Let i be t(-2). Let l be 2/(-3) - ((-140)/i)/(-10). What is the units digit of (4 - 0)/(l/14) - -4?
8
Let s(d) = -645*d - 19. Suppose 0 = -116*n + 100*n - 32. What is the thousands digit of s(n)?
1
Suppose 449*a = 23*a + 8192945 - 615257. What is the ten thousands digit of a?
1
Suppose -105231 - 201390 = -28*w - 100009. What is the hundreds digit of w?
3
Suppose -4*t = -0*t - 2*n + 554, -252 = 2*t + 4*n. What is the units digit of 51/t - 3091/(-8) - 5?
1
Suppose -2*o + 4*m = -25774, -286*m = 2*o - 288*m - 25788. What is the units digit of o?
1
Suppose 5*y + c = 67852, -2*c - 3904 = -y + 9673. What is the thousands digit of y?
3
Let p = -27 - -34. Suppose 9*j - p = -43. What is the tens digit of 70/j*-1*(-30)/(-25)?
2
What is the hundreds digit of (-6)/(-8) + (-12)/(-15) + (-15898285)/(-1300)?
2
Let t(x) = -x**3 - 3*x**2 + 22*x + 2. Let f be -4 + 8/(16/(-14)). What is the units digit of t(f)?
8
Suppose -d + 3*j - 3 = -8, -5*j + 20 = 4*d. Suppose -2*s + 23 = -3*v + 3*s, -7 = 2*v + d*s. What is the units digit of 3/9 + (-202)/v?
4
Suppose -2*c + 251 = -a, 206 = 3*a + c + 924. Let b = -205 - a. What is the units digit of b?
6
Let u(q) = 3*q**2 + 15*q - 62. Let l be u(29). Suppose 14*w = l + 7632. What is the hundreds digit of w?
7
Let w(h) = -11049*h + 3571. What is the thousands digit of w(-4)?
7
Let h(r) = -22788*r + 3461. What is the thousands digit of h(-2)?
9
Let h = -24794 - -37661. What is the ten thousands digit of h?
1
Suppose 4*g + 266 = 5*w, 0 = -4*w + 5*g - 31 + 251. Let d be ((-4)/(-20))/(6/w)*117. Let a = -125 + d. What is the tens digit of a?
7
Suppose -44 = -5*j + 36. Suppose 4*l = j - 4. What is the tens digit of ((1 + -4)/l)/(7/(-406))?
5
Let c(u) = 28 + 11 + 2*u**2 - 23 + 25*u. Let o be c(-12). Suppose -b + o*s = -135, 3*b + 17 = -3*s + 407. What is the tens digit of b?
3
Let q be 2/4*8 + 0. Let d be ((-55)/q)/(3*(-3)/(-36)). Let x = 108 + d. What is the tens digit of x?
5
Suppose 0 = -0*n - 5*n + 5*d + 250, 0 = -5*n + 2*d + 235. Suppose 5*h - n - 10 = 0. Suppose h*l + 1170 = 17*l. What is the hundreds digit of l?
1
Let j(p) = 6*p**3 + 182*p**2 + 64*p + 25. What is the hundreds digit of j(-29)?
8
Let c(y) = 11 - 11*y + 4 - 19 - 4*y. What is the units digit of c(-7)?
1
Let l be 117806/115 - 4/10. Suppose 8*w = -l + 10032. What is the units digit of w?
6
Let j(d) = -14*d**2 + 14*d + 155. Let y be j(-8). Let b = 489 - y. What is the hundreds digit of b?
3
Let d = -9436 - -22301. What is the units digit of d?
5
What is the tens digit of (-1)/4 + (-4096791)/(-108)?
3
What is the tens digit of 2499/(-9)*(-68 + 59)?
9
Let l = 209 - 284. What is the units digit of 55*((-4)/(-6) - 670/l)?
8
Let m(f) = 2*f**3 - 12*f**2 + 9*f - 17. Let k be m(5). Let t(i) = i**3 + 28*i**2 + 50*i + 3. What is the tens digit of t(k)?
0
Suppose 2*x = -5*m - 328, 2*x + m = -3*x - 843. Let b = x - -357. What is the units digit of b?
8
Suppose 7*x - 4*x = 5*o - 2401, 5*o + 4*x = 2422. Suppose 4*s - o = -4*t + 5038, 0 = 3*s + 5*t - 4140. What is the tens digit of s?
8
Suppose 15*d - 72 = 18. Suppose 4*s + 2*p = d*p + 220, -5 = -5*p. What is the units digit of s?
6
Suppose 15*i - 664 + 34 = 0. Suppose 0 = -x + 2*u + 355, -3*u = 43*x - i*x - 330. What is the units digit of x?
5
Let p(g) = g**2 - 1. Let c be p(6). Let i be 4 + (-7)/(c/(-40)). Suppose -l + i*l - 1551 = 0. What is the units digit of l?
1
Suppose 0 = 25*c + 21625 - 181675. What is the units digit of c?
2
Suppose 2117*k = 2111*k + 53586. What is the thousands digit of k?
8
Let i(c) = 1014*c**2 + 148*c - 1105. What is the thousands digit of i(7)?
9
Suppose -2*u - a = -9835, 0 = 3*u - 4*a - 9149 - 5620. What is the units digit of u?
9
Suppose -222*x = -3*p - 223*x + 183770, -4*p + 245020 = -2*x. What is the ten thousands digit of p?
6
Suppose -z - 3 = 5*c, -4*c - 25*z = -24*z + 2. Let f(r) = -1417*r**3 + 9*r + 9. What is the tens digit of f(c)?
1
Suppose -4*d = -5*n + 167073, 4*n - 38*d + 42*d = 133716. What is the thousands digit of n?
3
Suppose 5*g - 4*m + 3392 = 9*g, 4*m + 4240 = 5*g. Suppose -4*r + g = -720. What is the units digit of r?
2
Let j = 154 - 124. What is the tens digit of 359 + 100/j*(-18)/(-15)?
6
Suppose 615 - 987 = -2*q. Suppose q = 3*x - 219. What is the hundreds digit of x?
1
Let d(h) = -20*h**2 + 26*h - 181. Let w(i) = -7*i**2 + 9*i - 60. Let z(b) = -6*d(b) + 17*w(b). What is the tens digit of z(29)?
2
Suppose -4*y + 3*h - 48 = 0, 2*y - 12*h = -13*h - 24. What is the tens digit of 683 + (-7)/((-28)/y)?
8
Let c(d) = d**2 + 11*d + 32. Let o be c(-6). Suppose -4*u = -4*f + 4608, -o*f + 29*u + 2324 = 32*u. What is the units digit of f?
6
Let w(l) = -2*l + 83. Let t be w(9). What is the units digit of 8671/t + (-6)/(-10)?
4
Suppose 812 = z - 4*t + 69, -5*z + 2*t + 3805 = 0. Suppose p = 238 + z. What is the thousands digit of p?
1
Let o be 2 - (-4)/((-20)/(-25)). Let f(d) = o - 33*d**2 + 4*d + 44*d**2 + 4. What is the units digit of f(-4)?
1
Suppose 4*i - 17 = 7*n - 2*n, 5*n = i - 8. What is the thousands digit of -12 - -19 - 1100/n?
1
Suppose -27*g - 269 = -35045. Suppose -4*d = -10*k + 5*k - 2585, 2*d - g = -2*k. What is the hundreds digit of d?
6
Suppose -7 = -a + 2*a. Let c = -2 - a. Suppose -3*v + 4*v + 4*k = 100, -3*k - 523 = -c*v. What is the hundreds digit of v?
1
Suppose 1283 = 13*k - 1239. Let f = k - 147. What is the units digit of f?
7
Suppose -4*f + 0*f = -892. Let s = 13 - 13. Suppose s = -6*x + f + 227. What is the tens digit of x?
7
Let h(n) = n**2 + 3*n - 5. Let g be h(-4). What is the tens digit of (-56)/168 + g*1321/(-3)?
4
Let a be (1 + -2)*(70 + -3)*-1. Suppose -a + 43 = 4*g. What is the tens digit of (3 - 45/g)/(3/18)?
6
Let v(h) = -2 - 4 + h**3 - 2 + 10*h - 6 + h**2. What is the hundreds digit of v(7)?
4
Suppose 5*p + 13 - 33 = 0. Suppose 200 = 2*m - 5*b, p*b - 34 = -3*m + 243. Suppose 0 = 2*r - m + 17. What is the tens digit of r?
3
Let j(t) = 4*t**2 - 2*t - 2. Let m(c) = 2*c**2 - c - 1. Let k(l) = -2*j(l) + 5*m(l). Let w = -64 - -59. What is the tens digit of k(w)?
5
What is the ten thousands digit of (-11)/176*-4 + (-187766)/(-8)?
2
Let r = -114 - -616. Suppose 12 = -3*q, -4*q - q = -2*l + r. What is the hundreds digit of l?
2
Suppose 2 = 2*f - 5*r - 9, f - 5 = 2*r. What is the units digit of 2/f*66 + 36/(-9)?
0
Let a(u) = 9*u**3 + 2*u**2 + 6*u - 3. Let o(i) = -3*i**3 - i**2 - i. Let d(z) = a(z) + 5*o(z). What is the units digit of d(-2)?
1
What is the units digit of 750 + -751 - (((-81420)/2)/2 + -2)?
6
Let z = 7930 - -35845. What is the units digit of z?
5
Let t = -5224 - -6313. What is the thousands digit of t?
1
Let z be -3*(-7)/63 + 447/9. Suppose 0 = 3*x - 2*s - 173, -2*x + 137 = -0*x + 3*s. Suppose -3*q - l + z = -117, q = 5*l + x. What is the units digit of q?
6
Let s = -32174 + 46272. What is the thousands digit of s?
4
Suppose 24675 = 6*f + 19*f. Suppose -v - f = -3*a - 4*v, 693 = 2*a - 5*v. What is the tens digit of a?
3
Let z(y) = 63*y**2 - y + 270. What is the ten thousands digit of z(-21)?
2
Let s = 5 - -73. Let a = s - 82. What is the tens digit of ((-2)/(-5))/(a/(-480))?
4
Let y = 362 + 831. Suppose o - 1193 = m - 2*m, m = -4*o + y. What is the units digit of m?
3
Let n(g) = -843*g - 731. What is the tens digit of n(-3)?
9
Suppose 3*x - 53 - 37 = 0. Let r be x/(-35)*7*1. What is the tens digit of 500/15 + (-4)/r?
3
Let r = 18838 - -28408. What is the units digit of r?
6
Suppose -131 = 2*f - 25. Let t = f + 9. What is the tens digit of 44/(-5 - t/8)?
8
Suppose 0 = -4*d + 24, 4*w - d = -3983 + 59941. What is the ten thousands digit of w?
1
Suppose 3*l + 2*c - 260 = 0, 2*c = -0*l + 4*l - 328. What is the tens digit of 91406/l + (10/(-12))/5?
8
Let f be ((-16)/(-4) + (-42)/9)*-9. What is the hundreds digit of 431 + 3 + (3 - 0 - f)?
4
Suppose 4*m = 2*f + 2*m + 8, -3*m - 9 = 0. Let w(j) = j**2 - 1. Let s be w(f). Suppose 0 = 4*n - s - 12. What is the tens digit of n?
1
Suppose 101*g - 111694 = 2367469 - 610259. What is the tens digit of g?
0
Suppose 6*k = j + 11*k - 3300, 0 = 3*j + 3*k - 9876. What is the tens digit of j?
9
Let p be 2375/75 + 1*2/6. Let c be (p/(-40))/(